of 604201315?
3
What is the ten millions digit of 53296939?
5
What is the thousands digit of 97976094?
6
What is the hundred millions digit of 4595266953?
5
What is the hundred millions digit of 2439921877?
4
What is the tens digit of 99274229?
2
What is the thousands digit of 886719936?
9
What is the hundred thousands digit of 122374058?
3
What is the hundreds digit of 2546391265?
2
What is the hundred thousands digit of 75670310?
6
What is the ten millions digit of 509257306?
0
What is the millions digit of 57178159?
7
What is the hundred thousands digit of 79741000?
7
What is the hundreds digit of 292617945?
9
What is the millions digit of 398663762?
8
What is the thousands digit of 24830862?
0
What is the tens digit of 1583043943?
4
What is the thousands digit of 230308674?
8
What is the units digit of 239944860?
0
What is the hundred millions digit of 392522753?
3
What is the ten millions digit of 120538124?
2
What is the millions digit of 86854453?
6
What is the ten thousands digit of 1822219427?
1
What is the hundred thousands digit of 2124730421?
7
What is the hundred millions digit of 743155443?
7
What is the hundreds digit of 1648343?
3
What is the units digit of 4319147788?
8
What is the ten thousands digit of 3056449?
5
What is the ten millions digit of 7173928981?
7
What is the tens digit of 264468609?
0
What is the hundred thousands digit of 2281160967?
1
What is the units digit of 76968930?
0
What is the hundred thousands digit of 1313126968?
1
What is the millions digit of 4114265939?
4
What is the tens digit of 18506724?
2
What is the ten thousands digit of 2782556531?
5
What is the millions digit of 1819141203?
9
What is the units digit of 61785372?
2
What is the millions digit of 1037251720?
7
What is the hundred thousands digit of 54865471?
8
What is the hundreds digit of 3038531318?
3
What is the millions digit of 648806029?
8
What is the units digit of 30595518?
8
What is the units digit of 20281201?
1
What is the tens digit of 40981101?
0
What is the thousands digit of 53400513?
0
What is the thousands digit of 54297444?
7
What is the billions digit of 2062788287?
2
What is the ten millions digit of 796365617?
9
What is the ten thousands digit of 18662759?
6
What is the ten thousands digit of 56629345?
2
What is the tens digit of 149345001?
0
What is the ten thousands digit of 5026567755?
6
What is the hundred millions digit of 436523966?
4
What is the hundreds digit of 331035471?
4
What is the units digit of 42902328?
8
What is the units digit of 869345278?
8
What is the hundred thousands digit of 18757301?
7
What is the thousands digit of 945669367?
9
What is the tens digit of 62201428?
2
What is the millions digit of 30174075?
0
What is the hundred thousands digit of 1240685445?
6
What is the units digit of 457946035?
5
What is the units digit of 94081087?
7
What is the hundred thousands digit of 174149540?
1
What is the ten thousands digit of 355060231?
6
What is the thousands digit of 127161335?
1
What is the units digit of 7494719583?
3
What is the tens digit of 193432583?
8
What is the units digit of 1302490495?
5
What is the hundreds digit of 150148636?
6
What is the units digit of 287333963?
3
What is the millions digit of 34616870?
4
What is the ten thousands digit of 99943982?
4
What is the ten millions digit of 82030000?
8
What is the hundred millions digit of 321304593?
3
What is the millions digit of 3578926342?
8
What is the ten millions digit of 330067703?
3
What is the hundreds digit of 307972094?
0
What is the thousands digit of 24094267?
4
What is the tens digit of 68236527?
2
What is the ten millions digit of 4551284778?
5
What is the millions digit of 160062191?
0
What is the millions digit of 106193749?
6
What is the hundred thousands digit of 1492605959?
6
What is the hundred thousands digit of 1133724200?
7
What is the hundred millions digit of 279825769?
2
What is the millions digit of 2107922?
2
What is the ten millions digit of 47862124?
4
What is the ten thousands digit of 70797375?
9
What is the ten millions digit of 619615727?
1
What is the hundred thousands digit of 3442149647?
1
What is the ten millions digit of 26729304?
2
What is the millions digit of 4136321?
4
What is the units digit of 303243494?
4
What is the ten thousands digit of 3152848840?
4
What is the ten thousands digit of 1274678578?
7
What is the hundred millions digit of 1549093790?
5
What is the hundred millions digit of 533425695?
5
What is the millions digit of 367931756?
7
What is the ten thousands digit of 129828530?
2
What is the hundred thousands digit of 98293154?
2
What is the hundred millions digit of 252757784?
2
What is the millions digit of 470006647?
0
What is the hundred thousands digit of 40905680?
9
What is the hundred thousands digit of 3021687582?
6
What is the ten thousands digit of 5218263?
1
What is the ten thousands digit of 49303631?
0
What is the thousands digit of 1943356881?
6
What is the tens digit of 74109978?
7
What is the ten millions digit of 2123165268?
2
What is the ten millions digit of 599938812?
9
What is the hundred thousands digit of 3798744746?
7
What is the units digit of 9920472?
2
What is the hundred millions digit of 272216582?
2
What is the ten thousands digit of 6934196155?
9
What is the ten millions digit of 2420660906?
2
What is the units digit of 87492061?
1
What is the hundred thousands digit of 1984675647?
6
What is the ten thousands digit of 451589754?
8
What is the millions digit of 4610473509?
0
What is the units digit of 1029641093?
3
What is the units digit of 29459095?
5
What is the ten thousands digit of 10416395?
1
What is the tens digit of 559826113?
1
What is the ten thousands digit of 329864733?
6
What is the hundred millions digit of 351052800?
3
What is the tens digit of 7205723676?
7
What is the hundreds digit of 61861445?
4
What is the thousands digit of 2694066335?
6
What is the units digit of 134282501?
1
What is the tens digit of 82547450?
5
What is the ten millions digit of 174650168?
7
What is the billions digit of 1051536923?
1
What is the millions digit of 131056063?
1
What is the ten millions digit of 52510495?
5
What is the ten millions digit of 918426144?
1
What is the millions digit of 93840674?
3
What is the tens digit of 5046923?
2
What is the ten thousands digit of 346729156?
2
What is the millions digit of 170992424?
0
What is the ten millions digit of 242297820?
4
What is the tens digit of 16240639?
3
What is the hundreds digit of 2381581169?
1
What is the thousands digit of 143899876?
9
What is the millions digit of 212500440?
2
What is the millions digit of 6246391717?
6
What is the ten millions digit of 847985929?
4
What is the thousands digit of 1170938530?
8
What is the ten thousands digit of 548213232?
1
What is the hundreds digit of 148770718?
7
What is the units digit of 3066003109?
9
What is the hundreds digit of 173899148?
1
What is the ten thousands digit of 7644947491?
4
What is the millions digit of 186254879?
6
What is the units digit of 2816888223?
3
What is the ten thousands digit of 271071169?
7
What is the ten thousands digit of 71661106?
6
What is the hundreds digit of 27338216?
2
What is the tens digit of 86798117?
1
What is the ten millions digit of 42073244?
4
What is the hundred millions digit of 465939688?
4
What is the thousands digit of 2931260955?
0
What is the ten millions digit of 32485786?
3
What is the thousands digit of 127369235?
9
What is the thousands digit of 23244947?
4
What is the hundreds digit of 180488131?
1
What is the tens digit of 1453169642?
4
What is the hundred thousands digit of 56193972?
1
What is the tens digit of 4048088202?
0
What is the ten millions digit of 234217750?
3
What is the ten millions digit of 4585652201?
8
What is the hundreds digit of 192610887?
8
What is the ten millions digit of 154851058?
5
What is the hundred millions digit of 493431600?
4
What is the units digit of 127779024?
4
What is the hundreds digit of 104059291?
2
What is the millions digit of 5416514?
5
What is the millions digit of 100989905?
0
What is the thousands digit of 461219152?
9
What is the billions digit of 2172711698?
2
What is the hundred millions digit of 814480699?
8
What is the hundred thousands 